 33532 and 8888?
404
Calculate the highest common factor of 2384 and 1296.
16
What is the greatest common factor of 28554 and 42?
6
What is the greatest common divisor of 309 and 598224?
309
Calculate the greatest common divisor of 287 and 7.
7
Calculate the greatest common divisor of 132 and 197516.
44
Calculate the greatest common divisor of 185504 and 72.
8
Calculate the highest common factor of 10 and 12266.
2
What is the greatest common divisor of 285 and 1905?
15
What is the highest common factor of 51 and 6039641?
17
Calculate the greatest common factor of 24 and 725790.
6
What is the highest common divisor of 202 and 20503?
101
What is the greatest common factor of 376 and 1899176?
376
Calculate the highest common divisor of 22175 and 15325.
25
Calculate the highest common divisor of 6 and 6866658.
6
Calculate the highest common factor of 784 and 187852.
28
Calculate the highest common factor of 1651934 and 586.
586
Calculate the greatest common factor of 3 and 97521.
3
Calculate the highest common divisor of 2231 and 22931.
23
Calculate the highest common divisor of 284 and 277468.
284
Calculate the highest common factor of 13114 and 58349.
83
What is the highest common factor of 19464 and 48?
24
What is the highest common factor of 78 and 233584?
26
What is the greatest common divisor of 7825 and 8575?
25
What is the greatest common factor of 1008 and 128772?
252
What is the greatest common factor of 24703 and 119?
7
Calculate the greatest common divisor of 8321 and 583.
53
Calculate the highest common factor of 28 and 56.
28
Calculate the highest common divisor of 9316 and 17536.
548
Calculate the highest common factor of 385 and 301105.
35
What is the greatest common factor of 1188 and 65988?
108
What is the highest common divisor of 4997 and 9?
1
What is the highest common factor of 3 and 4861?
1
Calculate the highest common factor of 143 and 76934.
143
Calculate the greatest common divisor of 26 and 22334.
26
Calculate the greatest common divisor of 47652 and 5148.
132
Calculate the highest common divisor of 59224 and 88.
88
Calculate the greatest common divisor of 103199 and 1333.
31
What is the highest common factor of 210123 and 3663?
333
What is the highest common factor of 2292693 and 39?
39
What is the highest common factor of 197801 and 223?
223
What is the highest common factor of 1659 and 16779?
21
Calculate the greatest common divisor of 10 and 5422730.
10
What is the highest common factor of 635570 and 260?
130
Calculate the highest common divisor of 498 and 366.
6
Calculate the highest common factor of 840 and 7028.
28
Calculate the greatest common divisor of 461095 and 5.
5
What is the highest common divisor of 6664 and 170?
34
What is the highest common divisor of 114537 and 219?
219
Calculate the highest common factor of 7296 and 342.
114
Calculate the highest common divisor of 5 and 92576.
1
Calculate the greatest common factor of 61173 and 189.
63
What is the greatest common divisor of 50817 and 39?
39
Calculate the highest common divisor of 10 and 390110.
10
What is the greatest common factor of 51156 and 637?
49
Calculate the greatest common divisor of 12585 and 30.
15
What is the greatest common factor of 1299 and 3031?
433
What is the highest common factor of 2464 and 6391?
77
Calculate the greatest common factor of 126 and 762.
6
What is the greatest common factor of 601965 and 117?
117
Calculate the highest common divisor of 374 and 5950.
34
Calculate the greatest common divisor of 252 and 40632.
12
Calculate the highest common divisor of 41625 and 7992.
333
Calculate the greatest common divisor of 1340 and 2980.
20
Calculate the highest common factor of 17220 and 13735.
205
Calculate the highest common divisor of 17280 and 37935.
135
What is the greatest common divisor of 125098 and 2?
2
Calculate the greatest common divisor of 112 and 3416.
56
Calculate the greatest common divisor of 14716 and 832.
52
What is the greatest common divisor of 107219 and 371?
371
Calculate the highest common divisor of 58 and 317463.
29
Calculate the highest common divisor of 49632 and 31443.
141
Calculate the highest common factor of 168 and 916776.
168
What is the greatest common divisor of 13 and 4077?
1
What is the highest common factor of 21 and 93261?
21
Calculate the greatest common factor of 2640 and 64.
16
Calculate the greatest common divisor of 3200 and 27400.
200
What is the highest common factor of 730 and 816870?
730
Calculate the highest common factor of 67 and 362.
1
What is the greatest common divisor of 1154 and 2?
2
What is the highest common divisor of 102813 and 387?
129
Calculate the highest common factor of 1596 and 8316.
84
Calculate the greatest common factor of 14 and 2186.
2
What is the highest common divisor of 938 and 28406?
14
Calculate the greatest common divisor of 28956 and 396.
12
What is the greatest common divisor of 328369 and 41?
41
Calculate the greatest common factor of 195 and 49803.
39
What is the highest common divisor of 15762022 and 1682?
1682
Calculate the greatest common divisor of 60 and 620580.
60
Calculate the highest common factor of 28393 and 1.
1
What is the highest common divisor of 12631 and 789809?
743
What is the greatest common divisor of 18 and 16407?
9
Calculate the highest common factor of 52341 and 1533.
219
What is the greatest common divisor of 417 and 110783?
139
What is the highest common divisor of 1200 and 95280?
240
What is the greatest common factor of 54271 and 399?
7
Calculate the highest common factor of 705 and 744621.
141
Calculate the highest common divisor of 7670 and 41600.
130
What is the highest common divisor of 34400 and 225?
25
Calculate the greatest common divisor of 88 and 70952.
8
Calculate the highest common factor of 807 and 73706.
269
What is the greatest common divisor of 4140 and 29164?
92
What is the greatest common factor of 102 and 1587562?
34
What is the greatest common divisor of 672 and 355404?
84
What is the highest common factor of 6963 and 3036?
33
Calculate the greatest common factor of 1851476 and 3828.
1276
Calculate the greatest common factor of 273 and 34359.
39
Calculate the highest common divisor of 24 and 842664.
24
What is the greatest common divisor of 11055 and 11187?
33
Calculate the greatest common factor of 66 and 181566.
66
What is the greatest common divisor of 1636 and 546833?
409
What is the greatest common factor of 310 and 595541?
31
Calculate the greatest common divisor of 505425 and 115.
115
What is the greatest common divisor of 580 and 4205?
145
Calculate the greatest common factor of 7004 and 90576.
68
Calculate the greatest common divisor of 6 and 50868.
6
What is the highest common divisor of 537 and 769521?
537
Calculate the greatest common divisor of 10 and 59000.
10
What is the greatest common factor of 927 and 11021?
103
Calculate the greatest common divisor of 352 and 9064.
88
What is the highest common divisor of 350 and 13150?
50
What is the highest common factor of 5115 and 152985?
465
What is the highest common divisor of 9928 and 2176?
136
What is the highest common divisor of 14 and 989198?
14
What is the highest common divisor of 2692 and 805581?
673
Calculate the highest common divisor of 357243 and 12159.
579
Calculate the highest common factor of 21 and 29910.
3
Calculate the highest common factor of 1728 and 22976.
64
What is the highest common divisor of 27648 and 111616?
1024
What is the greatest common divisor of 665 and 13262?
19
What is the greatest common factor of 56 and 175364?
28
Calculate the highest common divisor of 735 and 71736.
147
Calculate the highest common factor of 184 and 2550102.
46
Calculate the greatest common divisor of 114290 and 220.
110
What is the highest common factor of 106944 and 264?
24
What is the highest common divisor of 267 and 40317?
267
Calculate the greatest common factor of 333 and 426462.
111
What is the highest common divisor of 195 and 763295?
65
What is the highest common divisor of 54 and 80307?
9
Calculate the highest common divisor of 15705 and 4365.
45
What is the highest common factor of 2552 and 3944?
232
What is the highest common factor of 46587 and 10176?
159
What is the highest common factor of 1566369 and 189?
63
Calculate th